048 (base 13) in base 9?
1010388
Convert 100231 (base 5) to base 13.
15b6
3411131403 (base 5) to base 7
120632454
2121301032 (base 4) to base 16
99c4e
Convert 113241610 (base 7) to base 6.
405414401
What is 1521161 (base 8) in base 4?
1222021301
51011005 (base 6) to base 8
5413655
Convert 1010101111110101010 (base 2) to base 14.
924b0
Convert -2112420323 (base 5) to base 3.
-22022120012222
Convert -12112111210 (base 3) to base 14.
-2ba13
Convert -4c9882 (base 13) to base 7.
-21501031
Convert -21ba91 (base 12) to base 7.
-4403206
What is 1015345 (base 7) in base 14?
32625
10111001020122 (base 3) to base 8
7037346
What is 652773 (base 9) in base 16?
5f046
2466714 (base 9) to base 12
54951a
What is -1011122210200 (base 3) in base 10?
-623151
Convert -322241 (base 7) to base 15.
-1190b
1002145 (base 6) to base 13
18602
-54c2 (base 16) to base 15
-6668
100010100010100001 (base 2) to base 16
228a1
645520 (base 10) to base 16
9d990
1001100111100101000101 (base 2) to base 11
1472414
Convert 978ec6 (base 16) to base 6.
552515422
-136132 (base 8) to base 4
-23301122
Convert -1312301123 (base 4) to base 12.
-1b564b
Convert 10010100001011100100000 (base 2) to base 4.
102201130200
Convert -20123322232 (base 4) to base 13.
-5c57a7
-2608775 (base 9) to base 8
-5334433
134106 (base 10) to base 7
1065660
-4437 (base 8) to base 12
-1427
-322123 (base 5) to base 3
-112222012
Convert -323bb1 (base 14) to base 16.
-19f3ef
-87741 (base 13) to base 7
-2040405
-12226244 (base 8) to base 5
-1142322104
Convert dc18 (base 16) to base 10.
56344
-640166 (base 10) to base 16
-9c4a6
-2056750 (base 8) to base 2
-10000101110111101000
Convert 441334034 (base 5) to base 13.
517ba0
Convert -20213030230 (base 4) to base 10.
-2257708
What is 5433571 (base 9) in base 3?
12111010122101
Convert -5cafd (base 16) to base 15.
-7774a
4e69da (base 16) to base 2
10011100110100111011010
-230457 (base 9) to base 5
-13410112
What is 7236333 (base 8) in base 6?
105022535
-6c640 (base 13) to base 14
-5263a
What is 163775 (base 8) in base 14?
17901
2001221001100 (base 3) to base 16
10cc1a
What is -111000011001000 (base 2) in base 8?
-70310
What is -82960b (base 12) in base 6?
-111524015
What is 24466 (base 11) in base 4?
20211122
Convert 5633028 (base 10) to base 3.
101121012001200
What is -5021011 (base 8) in base 6?
-44140253
Convert -112ccc9 (base 14) to base 15.
-ab88ee
-24499 (base 13) to base 4
-100102120
Convert 1915995 (base 13) to base 15.
ac2740
What is 3845e (base 16) in base 12?
b147a
Convert -8052541 (base 10) to base 6.
-444332141
Convert -442031100 (base 5) to base 6.
-104522335
111101011101010101 (base 2) to base 15
4e8c3
Convert -75917c (base 16) to base 2.
-11101011001000101111100
20200012221 (base 3) to base 14
35c44
What is 211121033 (base 5) in base 16?
d6b9e
Convert -100011100111010110 (base 2) to base 13.
-51525
What is 51045000 (base 6) in base 15?
1da600
Convert -110171 (base 10) to base 12.
-5390b
Convert -54034450 (base 6) to base 8.
-6043676
Convert 3bdd81 (base 14) to base 13.
57825a
Convert 3c3c0 (base 15) to base 4.
233023032
-117578a (base 11) to base 9
-3753045
52044000 (base 6) to base 12
603600
Convert 21441561 (base 7) to base 12.
74a106
What is -550064 (base 9) in base 7?
-2534404
Convert -2022e8 (base 15) to base 8.
-5644630
Convert 6606413 (base 9) to base 14.
684c38
What is 21000012201 (base 3) in base 4?
201223033
Convert 213404 (base 6) to base 11.
12290
-18501 (base 15) to base 16
-1339f
Convert 561717 (base 8) to base 4.
232033033
Convert -242205 (base 9) to base 4.
-203220233
10010100111001101110010 (base 2) to base 11
2832913
Convert 1110001110111000 (base 2) to base 12.
298a0
Convert -10010010101011011110 (base 2) to base 5.
-123211143
Convert 7cb93 (base 13) to base 5.
24301040
What is 53127 (base 15) in base 7?
2145154
What is -58652 (base 16) in base 9?
-611585
What is -385242 (base 12) in base 6?
-31425322
58446 (base 14) to base 4
310131132
110111011001111010000100 (base 2) to base 15
141d641
What is 61714 (base 8) in base 16?
63cc
Convert -690665 (base 10) to base 7.
-5604413
-232212322 (base 4) to base 2
-101110100110111010
What is -1420567 (base 11) in base 10?
-2445725
Convert 1044505 (base 6) to base 5.
3143024
What is -1583318 (base 12) in base 5?
-2111323133
-11026483 (base 10) to base 4
-222010000303
311c83 (base 13) to base 2
100010111111110010100
Convert 4421133 (base 5) to base 15.
17998
Convert 344212004 (base 5) to base 4.
11323121110
Convert -167567 (base 12) to base 3.
-201121200121
Convert 75831 (base 13) to base 11.
135564
-1122021200002 (base 3) to base 4
-3110303123
-380a72 (base 14) to base 2
-111010101011100101100
Convert 443aa (base 12) to base 7.
524416
-4460a1 (base 14) to base 7
-25506261
-202001304 (base 6) to base 8
-15127710
8a26b (base 14) to base 6
11104035
Convert 17815 (base 14) to base 16.
e74b
Convert 165cc7 (base 16) to base 6.
51224531
432503241 (base 6) to base 15
a1dd24
-215304263 (base 7) to base 2
-110001100100001100101110
What is 56463 (base 14) in base 10?
209415
Convert -13515013 (base 6) to base 12.
-1a2a69
Convert -4e737 (base 16) to base 15.
-65325
Convert 2c2f5f (base 16) to base 5.
1220130321
What is -19841 (base 10) in base 7?
-111563
1400310 (base 15) to base 6
1233132023
Convert 1758345 (base 9) to base 5.
222434310
What is 10110111110111000101 (base 2) in base 16?
b7dc5
What is -14842288 (base 9) in base 10?
-7409069
Convert -728 (base 11) to base 12.
-611
-120bbb (base 12) to base 6
-10131555
Convert 1000000110111011000000 (base 2) to base 6.
113320144
What is -32162 (base 10) in base 16?
-7da2
-667cb0 (base 13) to base 9
-4483043
Convert 13ebd4 (base 15) to base 5.
221224144
Convert -1213203221 (base 4) to base 8.
-1474351
-30456820 (base 9) to base 5
-12220413243
c30de (base 15) to base 9
1141452
Convert 601116 (base 7) to base 10.
101247
3441465 (base 7) to base 3
210212100110
What is -450697 (base 12) in base 16?
-10c8d3
1734718 (base 11) to base 6
143112531
What is -12001022111010 (base 3) in base 5?
-1141324244
What is -3be9fc (base 16) in base 15?
-528634
-3d5c5 (base 15) to base 3
-101000022112
Convert 197650 (base 12) to base 4.
1231133130
-4212144010 (base 5) to base 14
-1229cd9
Convert -120303213 (base 4) to base 2.
-11000110011100111
What is -34018 (base 14) in base 15?
-27616
-83c071 (base 16) to base 9
-17220247
Convert 1d1a8d (base 14) to base 10.
1042061
What is -1700823 (base 9) in base 14?
-1a87a5
What is -243311245 (base 6) in base 3?
-22201221012202
What is -1863c (base 13) in base 9?
-71666
What is -321997 (base 16) in base 5?
-1320031401
10111110100011110 (base 2) to base 11
67337
134fc (base 16) to base 11
5447a
Convert -1010110000001100111110 (base 2) to base 7.
-32650206
What is -2067123 (base 8) in base 10?
-552531
Convert 195799 (base 10) to base 8.
576327
13686060 (base 9) to base 5
3214213002
Convert 1208551 (base 9) to base 7.
5401006
What is 6bab49 (base 14) in base 6?
210505125
-212112110211 (base 3) to base 12
-1a4111
224530050 (base 6) to base 10
4148526
What is -583731 (base 9) in base 16?
-55933
Convert 6773022 (base 10) to base 12.
23276a6
What is -155877 (base 11) in base 6?
-5104111
What is 33312212 (base 5) in base 2?
1000111001011100101
-696890 (base 10) to base 16
-aa23a
-100112112200011 (base 3) to base 11
-2952649
-1475a4 (base 12) to base 6
-11215524
What is 12033200 (base 4) in base 13?
b83a
What is 714400 (base 8) in base 9?
388373
Convert 259331b (base 13) to base 4.
230322210232
33425 (base 14) to base 4
132112021
Convert 501402 (base 7) to base 14.
22b72
Convert 2300411013 (base 5) to base 10.
5091383
Convert -9bb15a (base 12) to base 9.
-4610227
Convert 94bdd0 (base 14) to base 3.
100110101201222
Convert -143874 (base 11) to base 3.
-102102011122
Convert -201012000 (base 3) to base 5.
-421421
Convert 10100111110100101111 (base 2) to base 8.
2476457
What is 39c04c (base 13) in base 11?
874944
What is 2c1458 (base 15) in base 14?
3d6664
What is -3116096 (base 12) in base 13?
-1bb5a97
17585515 (base 9) to base 12
2b70405
Convert 3100103 (base 8) to base 4.
3020001003
Convert -3436743 (base 9) to base 13.
-4cc554
231011123 (base 4) to base 15
39ab2
1160554 (base 7) to base 10
149146
Convert 200070 (base 13) to base 15.
ea0bc
-96948 (base 11)